**5 + 0. Give n(6).
-3
Let v be -5 - (-5)/(20/16). Let o(p) = 12*p**2 - 1. What is o(v)?
11
Let d(u) be the first derivative of u**4/4 - 2*u**3 - 7*u**2/2 - 9*u + 84. Calculate d(7).
-9
Let x(a) = 6*a**2 - 11*a - 10. Let o(n) = 7*n**2 - 12*n - 11. Let u(q) = -5*o(q) + 6*x(q). What is u(8)?
11
Let y = -10 + 16. Suppose -y*d + 30 + 12 = 0. Let w(q) = -q + 4. What is w(d)?
-3
Let m(n) = -2*n**2 + 17*n + 12. Let w be m(9). Suppose 0 = -3*p - 2*s - 13, p - w*s + 26 = -8*s. Let y(f) = 6*f**2 - f. What is y(p)?
7
Let u(y) be the second derivative of 1/2*y**3 + 0 + 1/12*y**4 - 14*y + 2*y**2. Give u(-4).
8
Let x(f) = f**3 - 12*f**2 - 10*f - 39. Let r be x(13). Let u(y) = y**2 + 2*y + 12. What is u(r)?
12
Let a(t) = -2*t + 40. Let p be a(20). Suppose 5*q + 2*n + 13 = 37, 2*q - 2*n - 18 = 0. Let k(f) = q + 0*f**2 - 4*f + f**2 - f + p*f**2. Calculate k(5).
6
Let g = 5 - 4. Let o(k) = -53*k + 3. Let c(p) = 19*p - 1. Let l(w) = -8*c(w) - 3*o(w). Calculate l(g).
6
Let m(p) = 4*p**3 + 2*p - 1. Let a be m(1). Suppose -3*r + 3*w = 15, r + 2*w = -1 + a. Let c(j) = 2*j**3 + 3*j**2 - 1. Give c(r).
-5
Suppose 105 = -191*y + 176*y. Let a(s) = -s**2 - 7*s + 10. What is a(y)?
10
Let a be 24/32 + 1/12*3. Let g(n) = 11*n - 1. Give g(a).
10
Let i = -2 - -2. Let p(a) = 5*a**2 + 9*a + 19. Let k(m) = 3*m**2 + 5*m + 10. Suppose 15 = 5*s, 2 = 3*q + 5*s - 1. Let u(d) = q*p(d) + 7*k(d). Give u(i).
-6
Let t = -12 - -10. Let s = t - -7. Suppose -2 = v - s. Let b(c) = -c**2 + 4*c. Determine b(v).
3
Let a(y) be the third derivative of y**4/4 + 5*y**3/2 - 56*y**2. What is a(-4)?
-9
Let u(c) be the first derivative of -c**2/2 + 4*c - 76. Let m(g) = -g**2 + 3*g. Let k be m(4). Determine u(k).
8
Let l(r) = r**2 + 4. Let y be (3 - 7)*(-10)/8. Suppose y = -0*x + x. Let w(p) = p**2 - 2*p - 12. Let j be w(x). What is l(j)?
13
Let o(b) = -b**3 + b - 18. Suppose -3*x - 11*x = 2*x. Determine o(x).
-18
Let b(q) = -q**2 - 4*q + 10. Let p(w) = -2*w**2 + 9*w + 13. Let j be p(6). What is b(j)?
5
Let t(u) = -u**2 - 3*u. Let n(y) = y**3 + 10*y**2 - 6*y + 51. Let v be n(-11). What is t(v)?
-4
Let x(o) = -384*o + 1 + 383*o + 3 + 1. Determine x(-12).
17
Let h(i) = -4*i + 1. Let w(n) = n. Let l(z) = -h(z) - 3*w(z). Let s be (-1 + 5)/((-23)/23). Determine l(s).
-5
Let h(u) be the second derivative of u**5/20 - 2*u**4/3 + u**3 - 3*u**2/2 - 4*u - 33. Determine h(7).
-10
Let v be (-4)/(-3)*9/(-6). Let b(f) be the second derivative of f**4/4 + f**3/2 + 3*f**2/2 + 7*f - 1. Give b(v).
9
Let p(b) = -b**3 + 7*b**2 - 6*b + 2 + 0*b**3 - 7. Suppose 64*t = 120*t - 336. Give p(t).
-5
Let i(j) = -j**3 + 5*j**2 - 29*j**2 + 17*j**2 + 10*j**2 - 9*j + 8*j**2. What is i(10)?
10
Let k(b) be the first derivative of -b**4/24 + 2*b**3 - b**2 - 1. Let j(n) be the second derivative of k(n). Let q be 1 + 1 + -4 + (75 - 68). Determine j(q).
7
Suppose -48*j + 46*j - 2*z = -22, j + 2*z = 15. Let x(d) = -d**2 + 5*d + 7. Give x(j).
-7
Let u(k) be the first derivative of k**3 - k**2/2 + k - 103. Determine u(1).
3
Let w(c) be the second derivative of -1/20*c**5 + 5/2*c**2 + 2/3*c**4 - 7 + 4*c - 4/3*c**3. What is w(7)?
-2
Let y be 7*(3 - (0 - -2)). Suppose 0 = y*k - 4*k - 18. Suppose -5*u + 5*g + 15 = 0, -2*g - 6 - k = 4*u. Let s(i) = 8*i**3 + 1. Calculate s(u).
-7
Let o(p) = 11*p - 1824 + 1823 - 12*p. Suppose 0*v - 5*v = -3*n + 22, -v - 10 = 5*n. Determine o(v).
4
Suppose 5*i - 30 = 60. Suppose -6 + i = 2*n. Let j(w) = -15*w + 3*w - 9 + 14*w. Calculate j(n).
3
Let p(w) = -4*w**2 + w + 3. Let b(d) = -d**2 + d. Let t(c) = 5*b(c) - p(c). Determine t(3).
0
Let l(o) be the third derivative of -o**5/60 + o**4/2 - 7*o**3/6 + 5*o**2. Calculate l(10).
13
Let i(a) = -a + 7. Let z be i(5). Suppose -2*o - 1 = -z*x - 5*o, 0 = -o - 1. Let p(d) = 2*d**2 - d - 1. Calculate p(x).
5
Let v(u) = -u - 68 + 70 + 5*u**3 + 6*u**2 - 6*u**3. Calculate v(6).
-4
Let g(p) = 2*p**2 + 13*p + 6. Let c be g(-6). Let r(h) = h**2 - 1 - 2 + 6*h + c. What is r(-6)?
-3
Suppose 3*s + n - 10 = 3*n, s - 3*n - 15 = 0. Let q(y) = y - 3. Let p(c) = c - 4. Let b(t) = -3*p(t) + 4*q(t). Determine b(s).
0
Let o(u) be the first derivative of -18*u**2 + 3*u + 78. What is o(-2)?
75
Let u = 13 - 11. Let t(y) = y**2 + y + 1. Let d be t(-2). Let k(s) = -s**u - d + 2*s + 18*s**3 + 0*s - 16*s**3. Determine k(2).
13
Let o = -11 + 23. Suppose 5*d = 3*d - o. Let j(g) = g + 8. Calculate j(d).
2
Let a(s) be the second derivative of -4*s**2 + 1/6*s**3 + 1/20*s**5 - 8*s + 0 - 1/2*s**4. Suppose 3*x = 2*x + 6. Determine a(x).
-2
Let u(d) = -d + 5. Let l be u(7). Let i be (4 - 8) + (-1 - l). Let p(o) = o**3 + 3*o**2 - o - 1. What is p(i)?
2
Let x(b) be the first derivative of b**3/3 - 3*b**2 + 4*b - 10. Suppose -15 = -13*a + 24. What is x(a)?
-5
Let l(w) = -3*w + 7 + w - w**2 + 0*w**2. Let k = 116 - 121. Give l(k).
-8
Suppose -11*o + 5*g + 64 = -10*o, 2*o - 120 = 2*g. Let f = o - 64. Let m(s) = -s**2 - 6*s + 4. Calculate m(f).
9
Let g(a) = -a**2 - 6*a + 2. Suppose -3*p - y = -4*y + 18, -3*p + 4*y - 18 = 0. Let s be g(p). Let h(t) = 2 + 0 + s - 2*t + 0. Calculate h(6).
-8
Let l(m) = 1. Let v(p) = -2*p - 1. Let s(y) = -2*l(y) - v(y). Let k = 1620 + -1621. Determine s(k).
-3
Let j(t) = t - 1. Let l(r) = -36*r - 4. Let d(c) = 4*j(c) - l(c). Calculate d(-1).
-40
Let t(x) be the second derivative of x**5/120 + x**4/8 - x**3/6 + 5*x. Let m(v) be the second derivative of t(v). Determine m(4).
7
Let l(w) = -38 + 14 - 3*w + 8 + 23. What is l(5)?
-8
Let q(o) = o + 12. Suppose p - 2*p + a = 11, -4*p + 3*a - 44 = 0. What is q(p)?
1
Let t(m) = 13 + 3*m + 0*m - m - m**3 - 3. Let p be 84/70*((-6)/4 - 1). Let y(k) = k**3 - k**2 - 2*k - 9. Let u(x) = p*t(x) - 4*y(x). Determine u(5).
-9
Suppose -5 - 4 = -3*k. Let v(c) = -4*c + 3*c + 0*c**k + 3 - c**3. Calculate v(0).
3
Let m(z) = -z**3 - 7*z**2 - 5*z + 4. Suppose -4*c + 4 = 0, 2*j + 3*c + 12 = -31. Let o = 17 + j. Calculate m(o).
-2
Let q(a) = a**3 + 6*a**2 - 1. Let u be q(-6). Let o be (-1)/(u/38*2). Suppose -5*c - o - 11 = 0. Let w(l) = -l**2 - 7*l - 7. What is w(c)?
-1
Let m(t) = -t**2 + t + 1. Let i(u) = -16*u**2 - u - 10. Let q(d) = 14*d**2 + d + 9. Let w(g) = -5*i(g) - 6*q(g). Let l(c) = 3*m(c) + w(c). Determine l(1).
-6
Let b(v) = -2*v + 6. Let x = 120 + -124. Determine b(x).
14
Let h(w) = 1 + w - 6 - 7. Let z be h(8). Let u(i) = -i**2 - 3*i - 1. What is u(z)?
-5
Let v(j) = j**3 + 3*j**2 + 2*j + 1. Let a = 79 + -83. Give v(a).
-23
Suppose 3*v - 3*p - 24 = 0, 9*v - 44 = 5*v + p. Let m(k) = -k + 19. Determine m(v).
7
Let r(j) = -10*j + 2*j**2 - 1137 + 571 + 571. Give r(4).
-3
Let q(w) be the first derivative of -w**3/3 + 7*w**2/2 - 4*w + 38. Determine q(6).
2
Let t(o) = 3078*o - 3*o**2 + 3*o**2 - 3073*o + 5 - o**2. What is t(5)?
5
Let o be (12/18)/((-4)/(-18)). Let g(h) be the second derivative of -h**5/20 + h**4/6 - h**3/6 - h**2/2 + 530*h. Determine g(o).
-13
Let k(j) be the second derivative of -2/5*j**5 + 0 + 0*j**2 + 0*j**4 + 1/6*j**3 - 11*j. Suppose z + 5 = -2*v, -4*z = -v + 3*v + 8. Determine k(z).
7
Suppose -c - 11 = 4*u, -1 = -c - 5*u - 13. Let y(p) = -p**2 - 10*p - 1. Let l(v) = -v**2 - 11*v - 2. Let x(b) = c*y(b) + 6*l(b). Give x(-4).
-5
Let k(t) = -5*t + 11. Let h(f) = f - 2. Let d(b) = 11*h(b) + 2*k(b). Give d(2).
2
Let w(g) be the third derivative of g**4/24 + 4*g**3/3 - 203*g**2. Give w(-2).
6
Let p(c) = 9*c**2 + 7*c**2 - 5*c**2 + c**3 + 9 + 3 + c. Let l be p(-11). Let h(i) be the second derivative of -i**4/6 + i**2/2 + 3*i. Give h(l).
-1
Let r(y) be the third derivative of 0 - 2/3*y**3 + 15*y**2 - 7/24*y**4 + 0*y - 1/60*y**5. Let z be (4/(-2))/((-1)/(-2)). Give r(z).
8
Let r be 7*(20/(-28) + 1). Suppose -2*z = 3*t - 1, -3*z = 4*t - 5 + r. Let s(k) = -3*k + 3 + 6*k - 2*k + 0*k. Determine s(t).
0
Let i(w) = 787*w**3 - 1 - 2*w + w**2 + 0 - 786*w**3. Give i(-2).
-1
Let a(h) = h**3 - 5*h**2 + 5*h - 4. Let r be 1*(3 - -7)/2. Suppose n = r - 1. Determine a(n).
0
Let w(q) = 2*q**2 - 16*q + 11. Let n(d) = 3*d**2 - 15*d + 11. Let g(r) = 4*n(r) - 5*w(r). Determine g(-10).
-11
Let s(g) = g + 1. Let o(k) be the second derivative of k**4/12 - k**3/3 - 4*k**2 - 8*k. Let x(m) = -o(m) - 4*s(m). Let u be -1 + (-3)/6*4. Calculate x(u).
1
Let y(d) = -8*d - 3. Let w = -194 + 194. Determine y(w).
-3
Let b(d) = 4*d - 8028 + 4015 + 4012. Determine b(9).
35
Let z(x) = 